 - 4*f. Let p(c) = -c**2 + 11*c + 2. What is p(n)?
26
Let h(s) = -4*s + 3. Let y(x) = 13*x - 11. Let i(g) = 7*h(g) + 2*y(g). Let k be (-9)/(-2)*6/9. Suppose 5 = -u - k*a - 2, 3*u - 31 = 4*a. What is i(u)?
-11
Suppose -n = -6*n + 10. Let m = -1 - n. Let w(a) be the second derivative of a**5/20 + a**4/3 + 5*a**3/6 + 2*a**2 + 2*a. Calculate w(m).
-2
Suppose 0 = 4*v - 3 - 9. Let r(u) = u. Let h(t) = 2*t - 5. Let d(l) = -l + 1. Let w(j) = -4*d(j) - h(j). Let p(z) = v*r(z) - 2*w(z). Give p(-3).
1
Let l be 1/((-2)/16) + 2. Let m(f) = 3*f + 2. Determine m(l).
-16
Let h(b) be the second derivative of b**3/6 - 3*b**2 + b. Let x(g) = 4*g. Let m be ((-2)/(-8))/(10/40). Let l be x(m). Give h(l).
-2
Let m(t) be the third derivative of 0 - 1/60*t**6 + 1/2*t**3 + 0*t + 3*t**2 - 1/12*t**4 + 1/20*t**5. Give m(2).
-5
Let d = -6 + 0. Let p(c) = -c + 4. Let z(a) = -a + 3. Let l(m) = 4*p(m) - 5*z(m). Calculate l(d).
-5
Let n(x) = 5*x**2 + 5*x + 16. Let l(b) = 9*b**2 + 10*b + 30. Let k(w) = -6*l(w) + 11*n(w). Calculate k(7).
10
Let u(i) = -7*i**2 - i. Suppose -t - 20 = -26. Suppose 2*w + t = 2*g, -w + 6 = 4*g - 2*w. Calculate u(g).
-8
Let w(n) = -11*n + 3. Let p(v) = v - 1. Let i(q) = -2*q - 6. Let h be i(-5). Let t(b) = h*p(b) + w(b). Give t(-1).
6
Let w(t) = 0*t**2 + t + 1 - 8*t + 0*t**2 + t**2. Calculate w(4).
-11
Let a(n) = -n**2 - 7*n + 6*n - 3*n + 3. Suppose -5*b = 2*v - 4*b + 11, -5*v + 5*b - 5 = 0. Calculate a(v).
3
Suppose -5*x - 6 = 4*c + 11, 3*c - 6 = 0. Let d(i) = -i - 10. Calculate d(x).
-5
Let j(o) = 3*o. Let m(a) = -a. Let v(z) = -3*j(z) - 5*m(z). Determine v(4).
-16
Let k(u) be the third derivative of -u**6/120 + u**5/20 - u**4/12 + 4*u**2. Let p be ((-2)/(-4)*12)/((-2)/(-1)). What is k(p)?
-6
Let i(x) = -2*x + 2 - 1 + 4 - 3. Give i(-3).
8
Let q(s) be the first derivative of 1 + s**2 + 0*s - 1/8*s**4 - 2/3*s**3 - 1/12*s**5 - 1/120*s**6. Let x(l) be the second derivative of q(l). Give x(-4).
-8
Let k = -25 + 22. Let s(i) = -4 + 2*i - i - 3*i. Give s(k).
2
Let x(b) = b**3 + 2*b**2 - 4*b - 7. Let o(a) = -a**3 - 6*a**2 + 6*a - 10. Let j be o(-7). Let r be x(j). Let q(s) = -2 - s**2 - 4*s - 4 - 2*s. Determine q(r).
2
Let c(i) = 3*i**2 + 6*i - 3. Let s be c(-3). Let k(f) = -2*f + 8. What is k(s)?
-4
Let t(w) = w**2 + 9*w - 4. Let y(k) = -3*k**2 - 19*k + 7. Let a(v) = 3*v - 1. Let q be a(1). Let j be 1 + (q - 1) + 3. Let o(b) = j*t(b) + 2*y(b). What is o(4)?
6
Let s(m) = m**3 + m**2 - 2. Let d(l) = -4*l**2 + 2*l + 1. Let k be d(-1). Let n be 8/(-10)*k/(-1). Let a be (2 - 5)*n/6. Give s(a).
10
Let k be (-1)/((-1)/1) + 1. Let l = 5 - k. Let i(w) = -w**3 + 3*w**2 - 4. What is i(l)?
-4
Let j be (-2)/(4/(-3))*4. Let t(i) = 8*i**2 + 15*i - 7. Let l(g) = 3*g**2 + 7*g - 4. Let r(w) = 5*l(w) - 2*t(w). Give r(j).
-12
Let f(o) be the second derivative of -o**4/12 + o**3/6 + 4*o**2 - 9*o. Let t(u) be the second derivative of -u**2/2 + u. Let a(z) = -f(z) - 2*t(z). Give a(0).
-6
Let b(v) = -2*v - 8. Let p(j) = j + 4. Let n(c) = -3*b(c) - 5*p(c). Let o be -8 + 8 + (2 - 0). Suppose 24 = -4*r + 4*s, -o*s + 6*s - 9 = -r. Give n(r).
1
Let h be (3 - 2 - -2) + 0. Suppose 0*j - 5*j = 4*s + 25, 0 = -2*s + h*j - 7. Let l(r) = r + 3. Give l(s).
-2
Let n = 8 - 8. Suppose 4*q + q + 15 = n. Let r(i) = -i**2 - 2*i + 4. Give r(q).
1
Let u(a) = a**3 - a**2 - 3*a - 3. Suppose -4*y + 85 = y. Suppose 0*b = -4*b + 5*j - 8, 2*j - y = -3*b. Give u(b).
6
Let j(y) = y**2 + 7*y + 5. Suppose 4*c = 4, -2*g + 5*c = -0*c + 15. Calculate j(g).
-5
Let n(q) = q**3 + 4*q**2 + 2. Let u = -4 - -6. Suppose 10 = -2*r, 3*g + 2*r - 5 = -u*g. Suppose 2 + 10 = -g*l + 3*x, 3*l + 3*x + 6 = 0. Give n(l).
11
Let t(i) = i**2 + 2. Let p be (2 + -1)*21/(-7). Let y be (-2)/p - 4/6. Calculate t(y).
2
Let a(f) = -7*f**2 + 0*f**2 - 4*f**3 + 4*f - 6 + 3*f**3 + 11*f**2. Determine a(4).
10
Let z(l) = -l**2 - 4*l - 1. Let m = 10 + -6. Let w(n) = -n**3 + 3*n**2 - n + 3. Let q be w(3). Suppose q*k + m = -k. What is z(k)?
-1
Let p(t) be the third derivative of -t**4/12 - 3*t**3/2 - 61*t**2. Give p(-5).
1
Suppose 3*i + 0*i = -6. Let k = i + 2. Let a(c) = 3*c**2 - 5*c + 10. Let q(t) = 2*t**2 - 4*t + 9. Let z(n) = 3*a(n) - 4*q(n). Give z(k).
-6
Let r = 62 - 56. Let z(w) = -w**2 + 7*w - 9. Give z(r).
-3
Let h be 1/(-2) - (-14)/4. Let d(j) be the first derivative of -2 - 1/2*j**2 - j**3 - 3*j + 1/4*j**4. What is d(h)?
-6
Suppose -2*n = 4*m + 14, 2*n = 5*m + 9 + 4. Let p(g) = -19*g - 1. What is p(n)?
18
Let i(x) = -1 + 14*x - 11*x + 2*x. Suppose 0 = -a - 4 - 1. Let z = -4 - a. Give i(z).
4
Let s(i) = 8*i**2 + 2*i + 1. Let f(u) = u**3 + 9*u**2 + 7*u - 9. Let q be f(-8). Calculate s(q).
7
Let f(n) = -3 + 2*n + 3 + n**3 + 4 + 5*n + 7*n**2. Let q be f(-6). Let o(a) = 3*a**2 + 3*a + 2. What is o(q)?
8
Let u(y) = -2*y + 1. Suppose 68 = 5*h - 72. Let p be (-8)/h + (-38)/14. Determine u(p).
7
Suppose j - 1 = 1. Suppose 3*p = j*f + 8, -5*p + 10 = -f - 8. Let l(w) = w**2 - 6*w + 2. Give l(p).
-6
Let w(z) = 279 + z - 287 + 0*z. Determine w(5).
-3
Let w be (-1)/(-2) - (-24)/16. Suppose d + w*d = 5*c - 4, 2*d = 4*c - 4. Let h(m) = 3 + 4*m - 2 - 2. What is h(d)?
7
Suppose 0 = -0*k - 3*k + 15. Suppose 10 = 3*x - 5*x + k*m, 2*x + 5*m = -10. Let a(y) = -y**3 - 6*y**2 - 4*y - 2. Give a(x).
-7
Suppose -3*a + 2*n = 3*n - 1, 2*a + n = 1. Let c(p) = -p**2 + p + 6. Calculate c(a).
6
Let l(z) = 4*z + 1. Let k(v) = -3*v + 8*v - 2 + v**2 - 1. Let t be k(-5). What is l(t)?
-11
Let b(s) be the second derivative of -s**5/20 - s**4/12 - s**3/6 - 10*s. Suppose 0 = 2*k - 0*k + 4. Determine b(k).
6
Let k(g) = 3*g + 3. Let n be k(-2). Let t(w) = 2*w + 2. Determine t(n).
-4
Let o(c) = -40 - c**2 + 4*c + 2*c**2 + 39. Calculate o(-3).
-4
Let x(n) = 2*n**2 - n + 1. Let s(i) = -i**3 - 3*i**2 + 5*i + 6. Let v be s(-4). Let t = v - 0. Calculate x(t).
7
Suppose -5*u - 3 = -2*u. Let i(k) = -18*k**2 + 1. Determine i(u).
-17
Let f(i) be the first derivative of -i**4/4 + 2*i**3/3 + 3*i**2/2 - 4*i - 2. Let x(t) = t**3 - 10*t**2 + 3. Let k be x(10). Determine f(k).
-4
Let q(x) be the first derivative of -4/3*x**3 - 3*x - 1/4*x**4 - 3/2*x**2 - 3. Let v = 0 + -3. Give q(v).
-3
Suppose -6*o + 7*o = -6*o. Let y = 11 - 4. Let i(k) = 4*k**3 - 10*k**2 + 10*k - 14. Let j(r) = r**3 - 3*r**2 + 3*r - 5. Let h(z) = y*j(z) - 2*i(z). Give h(o).
-7
Let l(u) = 136*u + 134*u - 9 - 263*u - u**2. Determine l(6).
-3
Let j(v) be the first derivative of v**3/3 - 2*v**2 - 3. Let w(y) = -y**3 + 6*y**2 - y - 8. Let i be w(6). Let n be i/(-4) - 5/(-10). Determine j(n).
0
Let p(n) = 7 - 4 - 2*n + 2. Give p(-4).
13
Let m(f) be the third derivative of f**5/60 - f**4/24 - f**3/3 - 7*f**2. Calculate m(2).
0
Let q(f) = f - 6. Let m(d) = -d**2 - 5*d + 5. Let u be m(-5). Let i be q(u). Let k(z) = 2*z**2 - 2*z - 1. Determine k(i).
3
Let t(r) = -r**3 + 6*r**2 - 5*r + 6. Let g be t(5). Let h(z) = z**2 - 9*z + 7. What is h(g)?
-11
Suppose t = -1, -f - 3*f + 3*t - 9 = 0. Let s(a) = 2*a - 4. Determine s(f).
-10
Let f(t) be the second derivative of -t**5/20 + t**4/2 + t**3 - 7*t**2/2 - 41*t. Give f(6).
29
Suppose -4*a + 2*d = 6*d - 28, 0 = 3*a + 2*d - 24. Let n = -15 + a. Let r(s) = s**2 + 7*s. Give r(n).
-10
Let q be (-1)/2 - 30/(-4). Suppose q*h = 2*h - 20. Let o(a) = -a**3 - 5*a**2 - 7*a - 5. Determine o(h).
7
Let m(z) be the second derivative of -z**3/3 - 3*z**2 + 2*z. Let s = -2 - -6. Suppose s*t = 3*t - 5. What is m(t)?
4
Let n(l) = -3 + 2 + 7*l - l**2 + 10. Give n(10).
-21
Let t(j) = j + 4. Let v(l) = -l**3 + l + 2. Let o be 4/(-14) - 16/(-7). Let b be v(o). What is t(b)?
0
Suppose -2*j = 3*l - 14, 3*j = -3*l - l + 19. Let o(t) be the second derivative of 5*t**3/6 - t**2/2 - 17*t. Calculate o(j).
4
Let c(y) = -3 + y - 2*y**2 + y**2 + 1. Suppose 2*z = -2, -v - 2 + 0 = 5*z. What is c(v)?
-8
Let f(s) = 2*s**2 - s**3 - 5 + 2 - 4*s - 2*s**2 - 4*s**2. Suppose -3*n - 14 + 5 = 0. Let x be n - (0 + (-2 - -2)). Calculate f(x).
0
Let t(b) = -5*b**3 + 6*b + 10. Let o(m) = -4*m**3 - m**2 + 6*m + 9. Let d(c) = 4*o(c) - 3*t(c). Let p(v) = 4*v + 3. Let q be p(-2). Give d(q).
1
Suppose -3 - 1 = -2*i. Let f(o) = -6*o + 6*o**2 - o**3 - i*o**3 + 2*o**3 - 2. Suppose 3*q = -3*w + 15, q + 2*w + w - 5 = 0. Calculate f(q).
-7
Let y(z) = z**3 - 5*z**2 - 4*z - 7. Let h be y(6). Let i(g) = 2 + 7*g - g**3 + 1 - 6 + h*g**2 + g**2. What is 